, 13
Let y(c) = c**3 + 9*c**2 + 14*c + 10. Let u(h) = -12*h**3 + h + 1. Let a be u(-1). Suppose -5*p = a + 23. What are the prime factors of y(p)?
2, 5
What are the prime factors of ((39 - -8) + 1)*2?
2, 3
Suppose c + 3*c + 2*i = -84, -2*c - 4*i = 36. Let u = -14 - c. Suppose -2*k - k + u = 4*r, -5*k - 5 = 3*r. List the prime factors of r.
5
Let c(n) = 4*n + 20. Let g be -2*(6 + -4 - -2). Let w be c(g). List the prime factors of (-4)/(-12) - 20/w.
2
Suppose -64*q = -19*q - 115605. What are the prime factors of q?
7, 367
Let d be (-5 - -9)*3/(-4). Let i be (-5)/d*(-18)/(-15). What are the prime factors of (-4)/(-1) - (-6 + i)?
2
Let w = -136 - -423. List the prime factors of w.
7, 41
Let l(g) = -61*g + 26. List the prime factors of l(-10).
2, 3, 53
Suppose 17*v + 1710 = 32*v. What are the prime factors of v?
2, 3, 19
Let q(p) = 308*p + 117. List the prime factors of q(7).
2273
Suppose h + 5 = 2*h. Suppose z + 23 - 266 = -h*c, 2*c - 2*z = 90. Suppose 4*f = -0*f + c. What are the prime factors of f?
2, 3
Suppose 2*b - 9 = -3*k, 5*k + b - 9 = 2*k. Suppose -4*q + 244 = 4*j, -5*j + q + 299 = -0*q. Suppose -k*h - j = -5*h. List the prime factors of h.
2, 3, 5
Let d = -132 - -718. List the prime factors of d.
2, 293
Let t(f) be the first derivative of -7*f**2 + 6*f + 9. What are the prime factors of t(-12)?
2, 3, 29
Suppose 46 = -k + 127. Let g = k + 0. What are the prime factors of g?
3
Let z(d) = 2*d**2 - 12*d + 79. List the prime factors of z(-14).
3, 71
Suppose -2340 = -2*u + 4*g, -2*g - 4644 = -4*u - 6*g. What are the prime factors of u?
2, 3, 97
Suppose -4*c + 5*p + 139 + 918 = 0, 0 = 3*c + 3*p - 759. Suppose -3*y + 53 = b - 191, -b = 5*y - 410. Suppose 5*s + y = c. List the prime factors of s.
5, 7
Suppose -12*f + 37490 - 7802 = 0. List the prime factors of f.
2, 1237
Let c be (-4)/72*-4 + (-453)/(-27). Suppose 18 + c = x. List the prime factors of x.
5, 7
Let w = 104 - -219. List the prime factors of w.
17, 19
Suppose 8668 = 3*h + h - 4*v, -10815 = -5*h + v. List the prime factors of h.
2, 23, 47
Let n(o) = -o**3 - 13*o**2 + 5*o + 52. What are the prime factors of n(-17)?
1123
Suppose -9*v + 3*n + 1500 = -8*v, 7580 = 5*v + 5*n. List the prime factors of v.
2, 3, 7
Suppose v + 3*v = 20. Suppose 45 + 31 = y - v*n, -2*n - 120 = -2*y. What are the prime factors of y?
2, 7
Let s(t) = -t + 1. Let g be s(-2). Let q(o) = 18*o**3 - g*o**3 + 6 - 8*o**3 - 7*o - 8*o**3 - 7*o**2. List the prime factors of q(-6).
2, 3
Suppose 0*h + 10*h - 4660 = 0. List the prime factors of h.
2, 233
Let k = 53 - -841. Suppose 4*o = -3*u + 550 + 163, -k = -5*o - u. What are the prime factors of o?
179
Let k(u) = u**3 + 6*u**2 + 4*u. Let m be k(-5). Let c(o) = -o + 7. Let t be c(m). Suppose -t*j + 3 + 69 = 0. What are the prime factors of j?
2, 3
Let q be 69/(2/(-8) - 14/(-24)). Let g = -119 + q. List the prime factors of g.
2, 11
Suppose -2*i - 269 + 1339 = 0. What are the prime factors of i?
5, 107
Let o(v) = -7*v**3 + v**2 + 8*v - 1. List the prime factors of o(-4).
431
List the prime factors of 307 + (8 + 6 - 8).
313
Suppose -21*s - 5*s = -3484. What are the prime factors of s?
2, 67
Let z(g) = -75*g - 120. What are the prime factors of z(-8)?
2, 3, 5
Let b(m) = 16*m + 27. Let q be b(-2). List the prime factors of (197/3)/(q*(-3)/45).
197
Suppose s - 1 = -3. Let y(n) = -10*n**3 - 4*n**2 - 3*n + 1. List the prime factors of y(s).
71
Let a = 72 - 67. Suppose -2*h = -a*h - 5*d + 105, 5*d = 0. List the prime factors of h.
5, 7
Let x(b) = 4*b**3 + 10*b**2 - 8*b - 9. Let m(y) = -5*y**3 - 10*y**2 + 8*y + 8. Let a(v) = 5*m(v) + 6*x(v). What are the prime factors of a(7)?
7, 11
Suppose 3*d + 16 = 3*x + 4, 0 = -x - 3*d - 8. Suppose 8 = 2*h, 14 = -y + 3*h - x. Let l = 37 - y. What are the prime factors of l?
2, 5
Let i be (-1)/((-3)/48 + 0). Suppose 0 = -2*y + 4*y - i. Suppose 2*d - y = 5*j - 2, -3*j - 12 = -4*d. What are the prime factors of d?
3
Suppose 1 = 2*v - v + o, 0 = -3*v - 5*o - 5. Suppose -i = v*j - 42, -3*i = -i + 5*j - 94. List the prime factors of i.
2, 13
Suppose -2*f = -3*a + 3554, -12*f + 13*f = 4*a - 4732. List the prime factors of a.
2, 3, 197
What are the prime factors of (3/(-15))/((-1)/(-5)) - -115?
2, 3, 19
Let b(l) = 34*l**2 + 6*l + 11. What are the prime factors of b(-4)?
3, 59
Let r be 5*10 - (-4 + 6). Let c = 116 - r. What are the prime factors of c?
2, 17
Let w(y) = -y**3 - 17*y**2 - 39*y - 30. List the prime factors of w(-21).
3, 23, 37
Let b(z) = -z**3 + 73*z**2 - 430*z - 30. List the prime factors of b(66).
2, 3, 347
Suppose 18*o - 14*o - 34 = -3*j, 5*o = j + 52. Let m(r) = 5 - 8*r - 17 + r**2 + 2*r. What are the prime factors of m(o)?
2, 7
Suppose -54247 = -89*c + 72*c. What are the prime factors of c?
3191
Let n(y) = -y**2 - 14*y + 8. Let s be n(-13). Let f(q) = 3*q + 31. What are the prime factors of f(s)?
2, 47
Suppose 0 = 12*s - 22*s + 4590. What are the prime factors of s?
3, 17
Let t = 390 - -14. What are the prime factors of t?
2, 101
Let y be (-105)/7*(-2)/(2*3). Suppose 2*u = 2*f + 28, y*f + 0 - 10 = 0. What are the prime factors of u?
2
Let h(x) = -x**2 - 24*x - 32. Let v be h(-22). What are the prime factors of 2/v - 2874/(-36)?
2, 5
Let l be (0 + 1 - 1)/(-1). Suppose l*f = -f + 16. Suppose 2*i = -4*u + 63 + 29, 0 = -4*u + f. List the prime factors of i.
2, 19
Suppose -6*z + 939 = 5*f - 9*z, -z = 3*f - 555. What are the prime factors of f?
2, 3, 31
Let w(x) = -x**2 + 8*x - 8. Let d = 8 + -2. Let o be w(d). What are the prime factors of (-3)/(4/o) + 15?
2, 3
Suppose 3*y - 2 = 10, -4*a = -4*y + 8. Suppose -3*x = -f - a*f + 240, x = -3*f + 252. List the prime factors of f.
83
List the prime factors of ((-4)/(-10))/((-135)/(-103950)).
2, 7, 11
Suppose -3*x - 407 = 8*x. Let u = 131 + x. List the prime factors of u.
2, 47
Let h(i) = -i**2 + 5*i - 7. Let a be h(6). Let s be (4/3)/(2/(-12)). Let c = s - a. What are the prime factors of c?
5
Suppose 24*b = 24321 - 9273. List the prime factors of b.
3, 11, 19
Let a(l) = 3*l - 4. Suppose 0 = 5*h + 3*c + 30, -5*c = 3*h - c + 7. Let q be 18*(6/h - -1). What are the prime factors of a(q)?
2, 7
Suppose 3*i - 37 = -118. Let l = i - -52. What are the prime factors of l?
5
Let f = 1460 + -719. List the prime factors of f.
3, 13, 19
Let s be ((-1)/1)/((-9 - -4)/5). Let u(j) = 245*j**3 - j**2 + j. What are the prime factors of u(s)?
5, 7
Suppose -20 = -3*g - 8. Suppose 0*u = s - 5*u - 30, -196 = -g*s + u. List the prime factors of s.
2, 5
Let o(b) = b**2 + 7*b - 15. Let g be o(-9). List the prime factors of g/((-3)/(-59)) + (-6)/3.
3, 19
Suppose 3*v + a - 10 = 2*a, 2*a = -2*v + 20. Let u be ((-8)/v)/((-14)/35). List the prime factors of 2 + (-50)/(-1) - u.
2, 3
Suppose 2*l - 2 = -0*l - 2*z, 0 = -4*l - z + 10. Suppose -l*p + 124 = -110. What are the prime factors of p?
2, 3, 13
Suppose -6*x + 5434 = -12590. What are the prime factors of x?
2, 751
Let w = 1118 - 653. Suppose -2*p - w = -5*p. List the prime factors of p.
5, 31
Let i(h) = -2*h**2 + 4*h - 5. Let f be ((-7)/21)/((-2)/24). Let z be i(f). List the prime factors of z/(-9) - 4/(-6).
3
Let j = -90 - -102. What are the prime factors of 191 - 0 - (j - 11)?
2, 5, 19
Suppose 5*k - 10*k - 40 = 0. Let i(c) = -c**2 - 11*c + 10. What are the prime factors of i(k)?
2, 17
Let v(f) = 2*f**3 - 11*f**2 + 5*f - 8. Let b be v(9). Suppose -q + 5*q = b. Suppose -3*a - 5*l + q = 0, l = -3*a + 3*l + 179. What are the prime factors of a?
3, 19
Let u(c) = 4*c + 76. Let l(y) = -y - 15. Let v(w) = 11*l(w) + 2*u(w). Let k be v(-12). Suppose 2*s + k = 3*s. List the prime factors of s.
23
Suppose -2*x = -7*x + 3*b - 571, 0 = -b + 2. Let d = -51 - x. List the prime factors of d.
2, 31
Let u(r) = 2*r**3 + 59*r**2 + 50*r + 22. What are the prime factors of u(-27)?
7, 331
Let c(p) = -p + 1. Let r = 1 + -3. Let k be c(r). Suppose 0 = k*s - 3 - 105. List the prime factors of s.
2, 3
Let x(d) = -d**2 + 18*d - 17. Let v be -21*(2/3 - 1). List the prime factors of x(v).
2, 3, 5
Let o = 38 - 36. Let k be (-1)/o*(-14 - 132). Suppose 3*b + 99 = d + 2*d, 0 = 2*d + 5*b - k. What are the prime factors of d?
2, 17
Let z(l) = -2*l - 9. Let y be z(-6). Let r be y/(-2) + 35/10. Suppose -4*c + 70 = 3*o + c, -r*o + 4*c + 54 = 0. List the prime factors of o.
5
Suppose -3*u - 4*v + 52 + 439 = 0, 